?
9
What is the highest common factor of 89 and 8633?
89
Calculate the greatest common factor of 32 and 8.
8
Calculate the greatest common factor of 34 and 3077.
17
Calculate the highest common divisor of 17 and 221.
17
What is the greatest common divisor of 334 and 13527?
167
Calculate the highest common divisor of 23 and 874.
23
Calculate the greatest common factor of 188 and 3901.
47
What is the greatest common divisor of 114 and 266?
38
What is the highest common factor of 98 and 14?
14
Calculate the highest common factor of 125 and 335.
5
What is the highest common factor of 36 and 2068?
4
Calculate the greatest common divisor of 4242 and 28.
14
Calculate the greatest common divisor of 68 and 221.
17
What is the greatest common factor of 594 and 648?
54
Calculate the highest common factor of 9 and 439.
1
Calculate the highest common divisor of 24 and 3.
3
What is the greatest common factor of 29 and 1?
1
What is the greatest common factor of 1177 and 11?
11
Calculate the greatest common factor of 32 and 2272.
32
What is the highest common factor of 657 and 45?
9
Calculate the greatest common divisor of 280 and 8365.
35
Calculate the greatest common factor of 848 and 318.
106
Calculate the greatest common divisor of 3850 and 55.
55
Calculate the greatest common factor of 13 and 65.
13
What is the greatest common factor of 1957 and 38?
19
What is the greatest common factor of 184 and 437?
23
Calculate the greatest common divisor of 124 and 93.
31
What is the greatest common factor of 16 and 144?
16
What is the highest common factor of 4422 and 550?
22
What is the greatest common divisor of 7371 and 182?
91
Calculate the highest common divisor of 168 and 240.
24
What is the highest common factor of 85 and 17?
17
Calculate the highest common divisor of 3 and 445.
1
Calculate the greatest common factor of 415 and 8217.
83
Calculate the greatest common divisor of 400 and 160.
80
Calculate the greatest common divisor of 190 and 855.
95
Calculate the highest common divisor of 8441 and 2936.
367
What is the highest common factor of 3879 and 18?
9
What is the highest common factor of 108 and 81?
27
Calculate the greatest common divisor of 19 and 7.
1
Calculate the greatest common divisor of 147 and 63.
21
Calculate the highest common divisor of 10 and 685.
5
What is the highest common factor of 32895 and 430?
215
Calculate the greatest common divisor of 16 and 344.
8
What is the greatest common divisor of 12288 and 12?
12
Calculate the highest common factor of 15 and 1365.
15
What is the highest common divisor of 1419 and 11?
11
Calculate the highest common divisor of 667 and 1127.
23
What is the greatest common divisor of 158 and 4266?
158
What is the greatest common divisor of 615 and 15?
15
Calculate the greatest common divisor of 80 and 1325.
5
What is the highest common factor of 157 and 42233?
157
What is the highest common divisor of 90 and 288?
18
What is the highest common factor of 14 and 1778?
14
What is the highest common factor of 60 and 100?
20
What is the highest common divisor of 483 and 598?
23
What is the greatest common divisor of 11 and 737?
11
What is the greatest common divisor of 5415 and 30?
15
Calculate the greatest common factor of 180 and 60.
60
Calculate the greatest common divisor of 68 and 68.
68
What is the highest common factor of 9 and 876?
3
Calculate the greatest common factor of 165 and 880.
55
What is the highest common divisor of 2201 and 781?
71
What is the greatest common divisor of 2678 and 26?
26
What is the highest common divisor of 10 and 26?
2
Calculate the greatest common factor of 77 and 1.
1
What is the greatest common factor of 9344 and 146?
146
Calculate the greatest common divisor of 1116 and 496.
124
Calculate the greatest common divisor of 228 and 399.
57
What is the greatest common divisor of 444 and 84?
12
Calculate the highest common factor of 64 and 5584.
16
Calculate the greatest common factor of 147 and 42.
21
Calculate the highest common divisor of 2266 and 22.
22
Calculate the greatest common factor of 2080 and 10.
10
What is the greatest common factor of 5616 and 496?
16
What is the greatest common divisor of 140 and 60?
20
What is the highest common factor of 2040 and 36?
12
Calculate the highest common factor of 29 and 1189.
29
Calculate the greatest common factor of 24 and 13656.
24
Calculate the highest common divisor of 650 and 221.
13
Calculate the greatest common divisor of 15 and 5595.
15
What is the greatest common divisor of 884 and 68?
68
Calculate the greatest common factor of 781 and 2911.
71
Calculate the highest common factor of 5 and 265.
5
What is the greatest common divisor of 24605 and 111?
37
What is the highest common divisor of 36 and 1056?
12
What is the highest common divisor of 374 and 6545?
187
Calculate the greatest common factor of 400 and 144.
16
Calculate the highest common factor of 50 and 4850.
50
What is the highest common factor of 5036 and 8?
4
What is the greatest common factor of 294 and 84?
42
What is the highest common divisor of 128 and 632?
8
What is the highest common factor of 41 and 101680?
41
Calculate the highest common divisor of 65 and 962.
13
Calculate the highest common factor of 45 and 117.
9
What is the greatest common divisor of 39 and 1911?
39
What is the greatest common factor of 10136 and 14?
14
What is the highest common factor of 447 and 27?
3
Calculate the greatest common factor of 896 and 91.
7
Calculate the highest common divisor of 170 and 6035.
85
Calculate the greatest common divisor of 21 and 1099.
7
Calculate the highest common factor of 58 and 203.
29
Calculate the greatest common divisor of 609 and 2175.
87
What is the highest common divisor of 159 and 6837?
159
What is the greatest common divisor of 10887 and 57?
57
What is the greatest common factor of 1337 and 21?
7
What is the highest common factor of 40 and 7030?
10
Calculate the highest common divisor of 820 and 140.
20
What is the greatest common factor of 650 and 39?
13
Calculate the highest common factor of 189 and 105.
21
What is the greatest common factor of 30 and 294?
6
What is the highest common divisor of 16 and 12016?
16
Calculate the greatest common factor of 92 and 828.
92
What is the greatest common divisor of 92 and 3220?
92
Calculate the greatest common factor of 28 and 161.
7
What is the greatest common factor of 1088 and 204?
68
Calculate the greatest common factor of 6258 and 596.
298
What is the greatest common divisor of 1950 and 150?
150
What is the greatest common divisor of 45 and 405?
45
Calculate the greatest common factor of 6 and 486.
6
Calculate the highest common divisor of 527 and 310.
31
What is the greatest common divisor of 16 and 24?
8
Calculate the highest common divisor of 1065 and 15.
15
Calculate the highest common divisor of 21 and 273.
21
Calculate the greatest common divisor of 256 and 1728.
64
Calculate the greatest common factor of 63 and 462.
21
What is the greatest common factor of 1223 and 1?
1
Calculate the greatest common factor of 69 and 391.
23
Calculate the highest common divisor of 3335 and 1305.
145
What is the highest common divisor of 56 and 252?
28
What is the greatest common factor of 18 and 1086?
6
Calculate the greatest common divisor of 714 and 10353.
357
What is the highest common divisor of 13 and 8021?
13
Calculate the highest common divisor of 170 and 10.
10
What is the highest common factor of 792 and 1008?
72
Calculate the highest common divisor of 1495 and 184.
23
Calculate the greatest common divisor of 264 and 4664.
88
Calculate the highest common factor of 584 and 1314.
146
What is the highest common divisor of 82 and 38048?
82
What is the highest common factor of 595 and 35?
35
What is the greatest common divisor of 2079 and 66?
33
What is the highest common divisor of 2870 and 11890?
410
What is the highest common factor of 45 and 315?
45
What is the highest common factor of 455 and 65?
65
Calculate the highest common divisor of 1173 and 867.
51
Calculate the highest common factor of 99 and 81.
9
What is the highest common factor of 688 and 256?
16
Calculate the greatest common factor of 20 and 50.
10
What is the highest common divisor of 201 and 9313?
67
What is the greatest common factor